55 and 407?
11
Calculate the greatest common divisor of 325 and 884.
13
What is the highest common divisor of 136 and 17?
17
What is the highest common factor of 525 and 21?
21
Calculate the greatest common factor of 1710 and 27.
9
What is the highest common factor of 561 and 102?
51
What is the highest common divisor of 340 and 884?
68
What is the highest common factor of 104 and 364?
52
Calculate the greatest common factor of 56 and 56.
56
Calculate the greatest common factor of 492 and 24.
12
What is the highest common divisor of 1771 and 693?
77
What is the greatest common factor of 1166 and 44?
22
What is the highest common divisor of 72 and 468?
36
Calculate the highest common divisor of 231 and 49.
7
What is the highest common factor of 980 and 1180?
20
Calculate the highest common factor of 3 and 781.
1
Calculate the highest common divisor of 483 and 1587.
69
Calculate the highest common factor of 6750 and 10.
10
Calculate the highest common divisor of 15 and 240.
15
Calculate the highest common factor of 1494 and 18.
18
Calculate the greatest common factor of 1525 and 13420.
305
Calculate the highest common divisor of 1 and 19.
1
Calculate the highest common divisor of 234 and 65.
13
Calculate the greatest common divisor of 7864 and 16.
8
What is the highest common factor of 155 and 62?
31
What is the highest common divisor of 3486 and 588?
42
Calculate the highest common divisor of 2145 and 253.
11
What is the greatest common factor of 165 and 20?
5
Calculate the greatest common divisor of 106 and 477.
53
Calculate the highest common factor of 72 and 16.
8
Calculate the highest common factor of 30 and 25.
5
What is the greatest common factor of 1221 and 7104?
111
Calculate the greatest common factor of 39 and 1417.
13
Calculate the greatest common factor of 4221 and 189.
63
What is the greatest common factor of 1071 and 126?
63
Calculate the greatest common factor of 25085 and 87.
29
What is the highest common factor of 1526 and 14?
14
Calculate the highest common divisor of 18392 and 121.
121
Calculate the highest common divisor of 57 and 1311.
57
Calculate the highest common divisor of 826 and 14.
14
What is the highest common divisor of 28 and 350?
14
Calculate the highest common divisor of 24 and 870.
6
What is the greatest common factor of 35072 and 64?
64
Calculate the greatest common divisor of 90 and 180.
90
Calculate the greatest common factor of 39 and 2860.
13
Calculate the highest common divisor of 8449 and 5964.
497
What is the greatest common divisor of 109 and 218?
109
What is the highest common divisor of 70 and 1280?
10
Calculate the greatest common factor of 54 and 306.
18
What is the highest common factor of 180 and 380?
20
What is the greatest common factor of 51 and 5729?
17
Calculate the highest common divisor of 7 and 28.
7
Calculate the highest common divisor of 66080 and 280.
280
Calculate the greatest common divisor of 798 and 912.
114
What is the highest common factor of 377 and 52?
13
What is the highest common factor of 280 and 210?
70
What is the greatest common factor of 34 and 425?
17
Calculate the highest common factor of 6153 and 21.
21
What is the highest common divisor of 10 and 190?
10
Calculate the highest common divisor of 66 and 48.
6
Calculate the highest common factor of 154 and 55.
11
Calculate the highest common factor of 132 and 28028.
44
What is the greatest common factor of 85 and 527?
17
Calculate the highest common factor of 63 and 371.
7
Calculate the highest common factor of 360 and 210.
30
Calculate the highest common factor of 2064 and 129.
129
Calculate the greatest common divisor of 4 and 1210.
2
Calculate the highest common factor of 979 and 712.
89
What is the highest common factor of 25 and 205?
5
What is the highest common factor of 80 and 40?
40
What is the greatest common divisor of 104 and 74?
2
What is the greatest common factor of 24 and 232?
8
What is the highest common divisor of 68 and 17?
17
Calculate the highest common factor of 38 and 646.
38
Calculate the highest common divisor of 136 and 1802.
34
Calculate the greatest common divisor of 256 and 64.
64
What is the greatest common factor of 321 and 107?
107
What is the greatest common divisor of 1798 and 124?
62
Calculate the greatest common factor of 118 and 59.
59
Calculate the greatest common factor of 732 and 12.
12
What is the highest common factor of 36 and 135?
9
What is the highest common factor of 1233 and 9?
9
Calculate the greatest common factor of 1280 and 400.
80
Calculate the highest common factor of 296 and 5846.
74
Calculate the greatest common factor of 1008 and 1995.
21
What is the greatest common divisor of 91 and 1365?
91
Calculate the greatest common factor of 112 and 644.
28
What is the highest common factor of 385 and 1485?
55
What is the greatest common factor of 75 and 144?
3
Calculate the highest common divisor of 29 and 243.
1
Calculate the greatest common divisor of 310 and 20.
10
What is the highest common factor of 1554 and 888?
222
Calculate the highest common factor of 2002 and 1694.
154
What is the highest common divisor of 390 and 510?
30
What is the greatest common divisor of 12469 and 37?
37
What is the highest common factor of 533 and 13?
13
Calculate the highest common divisor of 460 and 20.
20
Calculate the greatest common factor of 2 and 8566.
2
What is the greatest common factor of 32889 and 38?
19
What is the greatest common factor of 2006 and 2714?
118
What is the greatest common factor of 352 and 512?
32
Calculate the highest common factor of 36881 and 13.
13
Calculate the greatest common factor of 18 and 576.
18
Calculate the greatest common divisor of 219 and 1241.
73
Calculate the highest common divisor of 281 and 93011.
281
Calculate the greatest common divisor of 60 and 12630.
30
What is the greatest common factor of 1106 and 154?
14
Calculate the highest common factor of 19 and 608.
19
Calculate the highest common factor of 95 and 2565.
95
What is the highest common divisor of 50 and 590?
10
Calculate the highest common factor of 217 and 7161.
217
Calculate the highest common divisor of 16 and 676.
4
Calculate the highest common divisor of 297 and 539.
11
Calculate the greatest common divisor of 427 and 7.
7
What is the greatest common factor of 62 and 992?
62
What is the greatest common factor of 39 and 1183?
13
Calculate the greatest common divisor of 576 and 180.
36
Calculate the highest common factor of 10 and 530.
10
What is the greatest common divisor of 12 and 36?
12
Calculate the greatest common divisor of 21551 and 46.
23
Calculate the highest common factor of 102 and 648.
6
What is the highest common divisor of 18 and 87?
3
What is the greatest common divisor of 1782 and 22?
22
Calculate the highest common divisor of 400 and 5.
5
Calculate the greatest common factor of 6 and 30.
6
Calculate the highest common factor of 912 and 60.
12
What is the greatest common divisor of 4634 and 112?
14
What is the greatest common factor of 64 and 4?
4
Calculate the highest common divisor of 330 and 2112.
66
Calculate the highest common divisor of 144 and 882.
18
What is the greatest common divisor of 64 and 832?
64
What is the greatest common factor of 623 and 7?
7
Calculate the greatest common factor of 756 and 288.
36
What is the highest common factor of 16 and 16?
16
Calculate the greatest common divisor of 69 and 96.
3
What is the highest common divisor of 3400 and 50?
50
Calculate the highest common divisor of 2139 and 207.
69
What is the highest common factor of 246 and 3526?
82
What is the greatest common factor of 129552 and 48?
48
What is the highest common divisor of 1540 and 112?
28
What is the highest common divisor of 112 and 3976?
56
What is the greatest common factor of 68 and 76?
4
What is the highest common factor of 1088 and 6800?
272
What is the greatest common divisor of 230 and 1886?
46
What is the highest common factor of 5 and 85?
5
Calculate the greatest common factor of 1750 and 126.
14
Calculate the greatest common divisor of 352 and 32.
32
Calculate the greatest common factor of 105 and 165.
15
Calculate the greatest common factor of 2 and 8.
2
Calculate the greatest common factor of 17 and 9197.
17
Calculate the highest common factor of 